on divisor of g and r?
9
Let l = -99 - -179. Suppose -212 = -v - 3*v + 2*a, a = 3*v - 161. Suppose -5*c - 5*y = -v, 4*c = -4*y + y + 43. Calculate the greatest common factor of c and l.
10
Let f(c) = -c**3 + 3*c - 4. Let w be f(-3). Calculate the highest common factor of 28 and w.
14
Let g = 9 + -3. Suppose 0 = 5*t - 34 + 9. Suppose -c + t + 1 = 0. Calculate the greatest common factor of c and g.
6
Let x(g) = 5*g - 10. Let u(f) = 11*f - 21. Let q(o) = 6*u(o) - 13*x(o). Let a be q(4). Calculate the highest common factor of a and 40.
8
Let f = 113 + -38. Calculate the greatest common divisor of f and 30.
15
Let b(r) = 0*r - 3*r**2 + 2 + 0*r**2 + 3*r - 5*r - r**3. Let m be b(-3). Calculate the greatest common divisor of m and 16.
8
Let x(m) = -2*m - 1. Let w be x(-3). Suppose -4 = -0*c - c, -w*c + 335 = 5*p. Calculate the highest common factor of 7 and p.
7
Let j be 126/8 + 3/12. Let h = 36 - 20. Calculate the highest common factor of j and h.
16
Let o = 3 - -8. What is the greatest common factor of o and 1?
1
Let h be -3 + 5 - (1 - 4). Suppose 2*z - 8 = -0*z. Suppose -s - 60 = -z*s. What is the highest common divisor of s and h?
5
Let p be ((-6)/10)/((-3)/15). Let w = -14 + 35. Calculate the greatest common divisor of p and w.
3
Suppose 0*y + 2*y = 6. Suppose 1 + y = v. Suppose -2*a - 3*g - 13 = 0, g = 2*a - v*g - 27. Calculate the greatest common factor of a and 11.
1
Suppose -5*b + 4*b = -6. Let k be (30/(-4) + 0)*-12. Suppose -3*x + 8*x - k = 0. What is the highest common divisor of x and b?
6
Let m = 34 - -21. Calculate the highest common divisor of 22 and m.
11
Let c = 14 + -6. Calculate the highest common divisor of 1 and c.
1
Let q = -10 + 17. Suppose 3*f + 10 = -5*r, f + 5*r + 10 = 6*f. Suppose -b = -f*b - q. Calculate the highest common divisor of 7 and b.
7
Let i(x) = x + 12. Let u be i(9). Calculate the greatest common divisor of u and 28.
7
Let r = -21 + 7. Let c = 8 - r. What is the greatest common factor of 11 and c?
11
Let p(h) = h**3 - 3*h**2 - 4*h + 2. Let q be p(4). Suppose 0 = 2*d + 3*d - 80. What is the highest common factor of d and q?
2
Let q be (-6)/33 + 233/11 + 3. Calculate the greatest common factor of q and 192.
24
Let h be 14/(-6)*6*2/(-4). Calculate the highest common divisor of h and 21.
7
Let q = -5 + 10. Calculate the greatest common divisor of q and 5.
5
Suppose 56 = 2*q - 74. Calculate the greatest common divisor of 13 and q.
13
Let j = -111 - -133. What is the highest common divisor of j and 88?
22
Suppose 2*z = w - 2 - 21, 5*w - 122 = 3*z. Let i(q) = 11*q - 34. Let p be i(4). What is the greatest common factor of w and p?
5
Suppose 0 = p - 5*a - 14, 5*p - a = 2*p + 70. What is the highest common factor of 264 and p?
24
Let r(j) = j**3 + 2*j**2 + 2*j + 256. Let g be r(0). Calculate the greatest common factor of 64 and g.
64
Let v = -506 + 1238. Let r(k) = -k**2 + 5*k - 3. Let s be r(3). Suppose 5*f - s*m = v, f - 140 = -0*m - m. What is the highest common factor of f and 16?
16
Let m be (-245)/(-28) + (-2)/(-8). Suppose 6 + m = f. What is the highest common factor of f and 10?
5
Suppose -4*z = -5*g + 98, 0 = -2*g - 2*z + 7*z + 46. Let u be (22 - 4)*((-20)/(-15) - 1). What is the highest common factor of g and u?
6
Let t(s) = 2*s**3 - 19*s**2 - 9*s + 10. Let o be t(10). What is the highest common factor of o and 140?
20
Let q(n) = 7*n - 41. Let s be q(13). Calculate the greatest common divisor of s and 10.
10
Let u be -5*(-5)/(100/12). Let j be (-4)/(-14) - (-80)/14. Let a = j - 0. What is the greatest common divisor of a and u?
3
Let o be 0/(-2) - 15/(-5). Suppose 2*j - 136 = -3*f - 3*j, -o*j = -3*f + 120. What is the greatest common factor of f and 6?
6
Let p = -76 - -36. Let d = p - -64. Calculate the highest common factor of d and 60.
12
Let x = 7 - 6. Calculate the greatest common factor of 9 and x.
1
Let d be (-104)/(-2) - (0 + -3). Let r be (0 - 44)*(-1)/2. What is the highest common factor of d and r?
11
Let h(v) = 11*v + 9. Let t be h(3). Calculate the highest common divisor of 7 and t.
7
Let n(z) = 3*z - z**2 - 4*z + 28 + 37. Suppose 5*i + 18 = 3*w + 3, w - 5*i = 15. Let j be n(w). Calculate the greatest common factor of j and 13.
13
Let d(h) = 1 + 3 - h**3 - 18*h**2 + 22*h**2. Suppose p + 5 = -0*p, 36 = 4*s - 4*p. Let u be d(s). Calculate the greatest common factor of 28 and u.
4
Let a(h) = 6*h**2 + 8*h - 3. Let g be a(3). Let y = -37 - -67. Calculate the greatest common factor of g and y.
15
Suppose -2*q - 2 = -2*c - 5*q, 20 = -5*q. What is the greatest common divisor of c and 28?
7
Suppose 72 = 4*n - n. Let s be (-12)/(-28) - (-3519)/42*2. What is the highest common factor of n and s?
24
Suppose -4*h + 13 = -227. What is the highest common factor of 15 and h?
15
Suppose 5*s = 4*z + 409, -z - 3*z = s - 77. What is the highest common divisor of 9 and s?
9
Let s(f) = f + 30. Let w be s(0). Let o be 16 + (-1)/((-3)/(-3)). Suppose 0 = -3*m - o, p + 19 = 3*p + m. What is the greatest common factor of p and w?
6
Let r = 64 - 55. Suppose 0 = 2*k - 162 + 36. What is the highest common factor of r and k?
9
Suppose -12*t + 4*t = -1496. Calculate the highest common divisor of t and 17.
17
Suppose m - 6*m = -20. Suppose 0 = 3*w + 4*n - 74, m*w = -w + n + 85. Suppose j + f = 29, -5*j + 3*f = 5*f - 139. What is the greatest common factor of w and j?
9
Let t(h) = 2*h**2 + 2*h - 20. Let f be t(4). What is the highest common factor of 180 and f?
20
Suppose -4*o + 145 = v, 3*v + 4*o = -o + 400. What is the greatest common divisor of 50 and v?
25
Suppose -z + 2 = -r, -2*z - 4*r - 15 = z. Let d = z + -14. Let u be ((-10)/d)/(4/30). Calculate the greatest common factor of 45 and u.
5
Let f = 57 - 37. Suppose -3*q + 0*m - 27 = -3*m, -3*q - 2 = 2*m. Let d be (-2)/(-8) + (-559)/q. What is the greatest common factor of f and d?
20
Suppose -12 = 4*n, 5*p - 159 = -4*n + 114. What is the highest common divisor of 19 and p?
19
Let b(u) = 89*u**3 - u**2 + u + 1. Let h be b(1). Calculate the greatest common divisor of 18 and h.
18
Let d = -32 - -14. Let a be (1 - -2) + (-2 - d). Calculate the greatest common divisor of a and 19.
19
Let v be (-77)/(-2) + 21/14. What is the greatest common factor of 16 and v?
8
Suppose -5 - 15 = -2*b. Let h(q) = -17*q - 5. Let v(j) = j**2 - 7*j + 1. Let y be v(6). Let m be h(y). What is the greatest common divisor of b and m?
10
Let g = -85 + 95. Calculate the highest common divisor of g and 5.
5
Let r(l) = l - 3. Let i be r(5). Suppose -i*y + 17 = -13. Calculate the highest common factor of 75 and y.
15
Suppose 2*g = -g + 12. Suppose 3*f + 121 = 2*z, -g*f = -z + f + 71. Calculate the greatest common divisor of z and 14.
14
Let w(m) be the third derivative of m**6/120 + m**5/15 - m**4/8 + 5*m**3/6 - 2*m**2. Let a be w(-4). Calculate the highest common divisor of a and 136.
17
Let o(z) = -18*z - 7. Let f(n) = -n. Let g(d) = f(d) + o(d). Let h be g(-5). Calculate the greatest common divisor of 11 and h.
11
Let v be (-2 - -1)*3/(-1). Suppose 2*t + 74 - 342 = -v*x, -4*t + 96 = x. Let f = -13 + 21. What is the highest common factor of x and f?
8
Let x(b) = 29*b - 2. Let o be x(5). Suppose 0*j - 39 = -3*j. What is the highest common factor of j and o?
13
Suppose -4*k + 0*p = -3*p - 15, 3 = -3*p. Let n be 3/((-9)/k) + 187. Let v be 3*(1 - n/(-9)). What is the highest common factor of v and 26?
13
Let s be (-52)/14 + (-12)/42. Let c(f) = -506*f**3 - f + 1. Let g be c(1). Let x be g/(-9) - s/(-18). What is the greatest common factor of 8 and x?
8
Let k be 0 + (-9)/6*6. Suppose 4*b + 2*t = b + 2, 5*b = 5*t - 30. Let j be (-3)/(b*k/(-96)). Calculate the greatest common factor of j and 8.
8
Suppose -3*n + 2*n = -11. Let k(s) = -s**3 + 8*s**2 - 5*s - 6. Let j be k(5). Calculate the greatest common divisor of j and n.
11
Suppose -3*i = -6*i + 6. Let l be 1/(i/4) - -13. Let w be 6 + -3 + (-1 - -1). What is the greatest common divisor of l and w?
3
Suppose 10*m = 14*m - 100. What is the greatest common divisor of m and 5?
5
Let k be -2*3/(-9) + 208/12. What is the greatest common factor of k and 36?
18
Suppose 4*z - 2*z + 3*u - 6 = 0, 20 = 4*z + 2*u. Let c be 2/(-3) + 14/3. Let j = z - c. What is the greatest common factor of 18 and j?
2
Let h be 2815/35 - 3/7. What is the highest common factor of 30 and h?
10